{"id":836,"date":"2020-10-26T15:33:23","date_gmt":"2020-10-26T15:33:23","guid":{"rendered":"https:\/\/reservaiberica.at\/?post_type=product&#038;p=836"},"modified":"2023-08-17T12:24:55","modified_gmt":"2023-08-17T12:24:55","slug":"safran","status":"publish","type":"product","link":"https:\/\/reservaiberica.at\/en\/product\/safran\/","title":{"rendered":"Saffron"},"content":{"rendered":"<p>Finest Spanish Safran. Safran is ideal for cooking, seasoning or decorating food. Safran is a strong natural colorant and widely used in authentic Spanish cuisine.<br \/>\nNet content: 1g<\/p>","protected":false},"excerpt":{"rendered":"<p>Feinster spanischer Safran. Die Safranf\u00e4den sind ideal zum kochen, w\u00fcrzen und dekorieren. Safran ist ein starker nat\u00fcrlicher Farbstoff und aus der authentischen spanischen K\u00fcche nicht wegzudenken. Nettoinhalt: 1g [&#8230;]<\/p>\n<p><a class=\"btn btn-secondary understrap-read-more-link\" href=\"https:\/\/reservaiberica.at\/en\/product\/safran\/\">Read More&#8230;<span class=\"screen-reader-text\"> from Safran<\/span><\/a><\/p>\n","protected":false},"featured_media":952,"comment_status":"open","ping_status":"closed","template":"","meta":{"_seopress_robots_primary_cat":"none","_seopress_titles_title":"","_seopress_titles_desc":"","_seopress_robots_index":""},"product_brand":[],"product_cat":[29,27],"product_tag":[],"class_list":{"0":"post-836","1":"product","2":"type-product","3":"status-publish","4":"has-post-thumbnail","6":"product_cat-alleprodukte","7":"product_cat-diverses","9":"first","10":"outofstock","11":"taxable","12":"shipping-taxable","13":"purchasable","14":"product-type-simple"},"jetpack_sharing_enabled":true,"_links":{"self":[{"href":"https:\/\/reservaiberica.at\/en\/wp-json\/wp\/v2\/product\/836","targetHints":{"allow":["GET"]}}],"collection":[{"href":"https:\/\/reservaiberica.at\/en\/wp-json\/wp\/v2\/product"}],"about":[{"href":"https:\/\/reservaiberica.at\/en\/wp-json\/wp\/v2\/types\/product"}],"replies":[{"embeddable":true,"href":"https:\/\/reservaiberica.at\/en\/wp-json\/wp\/v2\/comments?post=836"}],"wp:featuredmedia":[{"embeddable":true,"href":"https:\/\/reservaiberica.at\/en\/wp-json\/wp\/v2\/media\/952"}],"wp:attachment":[{"href":"https:\/\/reservaiberica.at\/en\/wp-json\/wp\/v2\/media?parent=836"}],"wp:term":[{"taxonomy":"product_brand","embeddable":true,"href":"https:\/\/reservaiberica.at\/en\/wp-json\/wp\/v2\/product_brand?post=836"},{"taxonomy":"product_cat","embeddable":true,"href":"https:\/\/reservaiberica.at\/en\/wp-json\/wp\/v2\/product_cat?post=836"},{"taxonomy":"product_tag","embeddable":true,"href":"https:\/\/reservaiberica.at\/en\/wp-json\/wp\/v2\/product_tag?post=836"}],"curies":[{"name":"wp","href":"https:\/\/api.w.org\/{rel}","templated":true}]}}

<p>Feinster spanischer Safran. Die Safranfäden sind ideal zum kochen, würzen und dekorieren. Safran ist ein starker natürlicher Farbstoff und aus der authentischen spanischen Küche nicht wegzudenken. Nettoinhalt: 1g [&#8230;]</p>
<p><a class="btn btn-secondary understrap-read-more-link" href="https://reservaiberica.at/en/product/safran/">Read More&#8230;<span class="screen-reader-text"> from Safran</span></a></p>
