{"id":1830,"date":"2021-11-24T11:54:06","date_gmt":"2021-11-24T11:54:06","guid":{"rendered":"https:\/\/reservaiberica.at\/?post_type=product&#038;p=1830"},"modified":"2023-08-17T12:24:34","modified_gmt":"2023-08-17T12:24:34","slug":"casa-levante-sardinillas-en-aceite-de-oliva","status":"publish","type":"product","link":"https:\/\/reservaiberica.at\/en\/product\/casa-levante-sardinillas-en-aceite-de-oliva\/","title":{"rendered":"Casa Levante Sardinillas en aceite de oliva"},"content":{"rendered":"<p>Kleine Sardinen in Oliven\u00f6l. Eine gro\u00dfartige Erg\u00e4nzung zu jeder Vorspeise. Im Herbst gefischt, werden sie ged\u00e4mpft und in Oliven\u00f6l eingelegt. Sardinen sind blaue Fische, die reich an Omega3 sind, wodurch der Gehalt an sogenanntem schlechtem Cholesterin und Triglyceriden gesenkt wird.<br \/>\nNet content: 88g<br \/>\nDrained weight: 62<\/p>","protected":false},"excerpt":{"rendered":"<p>Kleine Sardinen in Oliven\u00f6l. Eine gro\u00dfartige Erg\u00e4nzung zu jeder Vorspeise. Im Herbst gefischt, werden sie ged\u00e4mpft und in Oliven\u00f6l eingelegt. Sardinen sind blaue Fische, die reich an Omega3 sind, wodurch der Gehalt an sogenanntem schlechtem Cholesterin und Triglyceriden gesenkt wird. Nettoinhalt: 88 Abtropfgewicht: 62 [&#8230;]<\/p>\n<p><a class=\"btn btn-secondary understrap-read-more-link\" href=\"https:\/\/reservaiberica.at\/en\/product\/casa-levante-sardinillas-en-aceite-de-oliva\/\">Read More&#8230;<span class=\"screen-reader-text\"> from Casa Levante Sardinillas en aceite de oliva<\/span><\/a><\/p>\n","protected":false},"featured_media":941,"comment_status":"open","ping_status":"closed","template":"","meta":{"_seopress_robots_primary_cat":"none","_seopress_titles_title":"","_seopress_titles_desc":"","_seopress_robots_index":""},"product_brand":[],"product_cat":[29,25],"product_tag":[],"class_list":{"0":"post-1830","1":"product","2":"type-product","3":"status-publish","4":"has-post-thumbnail","6":"product_cat-alleprodukte","7":"product_cat-conservas","9":"first","10":"outofstock","11":"taxable","12":"shipping-taxable","13":"purchasable","14":"product-type-simple"},"jetpack_sharing_enabled":true,"_links":{"self":[{"href":"https:\/\/reservaiberica.at\/en\/wp-json\/wp\/v2\/product\/1830","targetHints":{"allow":["GET"]}}],"collection":[{"href":"https:\/\/reservaiberica.at\/en\/wp-json\/wp\/v2\/product"}],"about":[{"href":"https:\/\/reservaiberica.at\/en\/wp-json\/wp\/v2\/types\/product"}],"replies":[{"embeddable":true,"href":"https:\/\/reservaiberica.at\/en\/wp-json\/wp\/v2\/comments?post=1830"}],"wp:featuredmedia":[{"embeddable":true,"href":"https:\/\/reservaiberica.at\/en\/wp-json\/wp\/v2\/media\/941"}],"wp:attachment":[{"href":"https:\/\/reservaiberica.at\/en\/wp-json\/wp\/v2\/media?parent=1830"}],"wp:term":[{"taxonomy":"product_brand","embeddable":true,"href":"https:\/\/reservaiberica.at\/en\/wp-json\/wp\/v2\/product_brand?post=1830"},{"taxonomy":"product_cat","embeddable":true,"href":"https:\/\/reservaiberica.at\/en\/wp-json\/wp\/v2\/product_cat?post=1830"},{"taxonomy":"product_tag","embeddable":true,"href":"https:\/\/reservaiberica.at\/en\/wp-json\/wp\/v2\/product_tag?post=1830"}],"curies":[{"name":"wp","href":"https:\/\/api.w.org\/{rel}","templated":true}]}}

<p>Kleine Sardinen in Olivenöl. Eine großartige Ergänzung zu jeder Vorspeise. Im Herbst gefischt, werden sie gedämpft und in Olivenöl eingelegt. Sardinen sind blaue Fische, die reich an Omega3 sind, wodurch der Gehalt an sogenanntem schlechtem Cholesterin und Triglyceriden gesenkt wird.<br />
Net content: 88g<br />
Drained weight: 62</p>

<p>Kleine Sardinen in Olivenöl. Eine großartige Ergänzung zu jeder Vorspeise. Im Herbst gefischt, werden sie gedämpft und in Olivenöl eingelegt. Sardinen sind blaue Fische, die reich an Omega3 sind, wodurch der Gehalt an sogenanntem schlechtem Cholesterin und Triglyceriden gesenkt wird. Nettoinhalt: 88 Abtropfgewicht: 62 [&#8230;]</p>
<p><a class="btn btn-secondary understrap-read-more-link" href="https://reservaiberica.at/en/product/casa-levante-sardinillas-en-aceite-de-oliva/">Read More&#8230;<span class="screen-reader-text"> from Casa Levante Sardinillas en aceite de oliva</span></a></p>
